site number?
False
Is 3580109 prime?
False
Is 935489 a prime number?
True
Is 1971091 prime?
True
Is 16705957 a composite number?
True
Is 38402345 a composite number?
True
Is 14080343 a composite number?
True
Is 10400569 composite?
True
Is 1197091783 a composite number?
True
Is 8724421 prime?
True
Is 492481 prime?
False
Is 31335097 a composite number?
True
Is 1393871 a prime number?
True
Is 194490407 prime?
True
Is 629809249 a composite number?
False
Is 2742713 a prime number?
False
Is 49172533 composite?
True
Is 2049827 a prime number?
False
Is 86450113 a composite number?
False
Is 59910131 a composite number?
False
Is 176391597 a composite number?
True
Is 33365 composite?
True
Is 89891 composite?
False
Is 16049713 prime?
True
Is 364853 a composite number?
False
Is 40417397 a composite number?
True
Is 11489549 a composite number?
True
Is 11310263 a prime number?
False
Is 108397 composite?
True
Is 9309269 a composite number?
True
Is 52950545 prime?
False
Is 286740969 a prime number?
False
Is 1466291 prime?
True
Is 3258863 a prime number?
True
Is 41843 a prime number?
True
Is 1655527 a composite number?
True
Is 15412255 a composite number?
True
Is 3381089 composite?
False
Is 6787577 composite?
False
Is 2538503 prime?
False
Is 8257883 a prime number?
True
Is 25453183 prime?
False
Is 289181 a prime number?
True
Is 10711982 a prime number?
False
Is 38287297 a prime number?
True
Is 1150159 prime?
True
Is 8540857 prime?
False
Is 7260863 prime?
False
Is 9371013 prime?
False
Is 7119299 prime?
False
Is 389639443 composite?
False
Is 18771418 prime?
False
Is 26817521 a prime number?
True
Is 2861207 a composite number?
True
Is 3765661 a prime number?
True
Is 333862 prime?
False
Is 33385717 a prime number?
False
Is 3864403 composite?
False
Is 35502287 a composite number?
False
Is 337280137 prime?
True
Is 8554633 a composite number?
False
Is 78259099 composite?
False
Is 678611 composite?
False
Is 1254837 a prime number?
False
Is 24365167 a prime number?
True
Is 3967961 a prime number?
True
Is 2298799 a prime number?
False
Is 18116131 a prime number?
False
Is 20537 composite?
True
Is 45874349 composite?
True
Is 3915557 composite?
False
Is 104908021 prime?
True
Is 95821822 a composite number?
True
Is 5449811 composite?
False
Is 71869969 prime?
True
Is 13018721 composite?
True
Is 1677869 a prime number?
False
Is 3651926 prime?
False
Is 111212851 prime?
True
Is 13211957 a composite number?
True
Is 6286439 a composite number?
True
Is 15339131 a composite number?
True
Is 5502649 a composite number?
False
Is 9077891 composite?
False
Is 15880857 composite?
True
Is 1054457 prime?
True
Is 276453887 a prime number?
True
Is 27873737 composite?
False
Is 1395983 a composite number?
False
Is 29155871 prime?
True
Is 3366779 composite?
True
Is 185405071 prime?
False
Is 9554977 composite?
True
Is 15467721 a composite number?
True
Is 367628653 prime?
False
Is 27416329 a prime number?
True
Is 327675893 a prime number?
True
Is 277168901 a composite number?
True
Is 56541499 a prime number?
False
Is 118095581 a composite number?
False
Is 20973083 prime?
True
Is 10410319 composite?
False
Is 148618541 a prime number?
True
Is 15217333 composite?
False
Is 38991737 prime?
True
Is 315990011 composite?
True
Is 75112397 a composite number?
False
Is 3057986 prime?
False
Is 12417313 a composite number?
False
Is 9912505 a composite number?
True
Is 13841033 prime?
False
Is 24051007 a composite number?
False
Is 12912461 prime?
False
Is 106312727 composite?
True
Is 6874573 a composite number?
False
Is 229781 composite?
False
Is 10705889 a prime number?
True
Is 51852679 composite?
False
Is 3116446 a composite number?
True
Is 107761 prime?
True
Is 302261 a prime number?
True
Is 2150761 composite?
True
Is 91986311 a prime number?
True
Is 161988599 composite?
False
Is 5743313 a prime number?
True
Is 3264479 composite?
True
Is 73762999 a composite number?
True
Is 1200967 a composite number?
True
Is 14940703 prime?
True
Is 19270835 a prime number?
False
Is 78044719 a prime number?
True
Is 795039537 composite?
True
Is 15375593 a prime number?
True
Is 88180153 a composite number?
False
Is 1867961 composite?
True
Is 7064293 prime?
True
Is 37620907 a prime number?
False
Is 2844061 a composite number?
True
Is 109211 prime?
True
Is 855821 a composite number?
False
Is 89370221 a composite number?
False
Is 319183 a composite number?
False
Is 668671 a composite number?
False
Is 32469559 a prime number?
True
Is 5651671 a composite number?
True
Is 913571 a composite number?
False
Is 2536123 a prime number?
True
Is 18762427 prime?
True
Is 36114197 a prime number?
False
Is 10792979 composite?
False
Is 21765839 a prime number?
True
Is 570169 prime?
False
Is 3506899 a composite number?
True
Is 20966141 composite?
True
Is 46760227 composite?
False
Is 2287891 a composite number?
False
Is 3022969 a composite number?
True
Is 477445009 prime?
False
Is 35620723 prime?
False
Is 85288669 a prime number?
False
Is 324149569 a composite number?
False
Is 1113019 prime?
True
Is 1591987 a composite number?
True
Is 113143 a prime number?
True
Is 37698203 a composite number?
True
Is 173283667 composite?
True
Is 9911171 prime?
True
Is 1430369 prime?
False
Is 156471653 a composite number?
True
Is 204248701 a composite number?
True
Is 94449547 a composite number?
False
Is 5577751 composite?
True
Is 27351821 a composite number?
True
Is 228109949 composite?
True
Is 24404567 prime?
False
Is 12778453 prime?
True
Is 15095973 a composite number?
True
Is 1596858293 a prime number?
True
Is 11870039 prime?
False
Is 48308614 a composite number?
True
Is 18144631 composite?
True
Is 57898457 prime?
True
Is 94187 a composite number?
True
Is 22467869 prime?
True
Is 49550351 prime?
True
Is 2989639 a composite number?
True
Is 5906077 composite?
True
Is 11146129 a composite number?
False
Is 1054819 prime?
True
Is 52177 a prime number?
True
Is 104566522 a composite number?
True
Is 3275323 a composite number?
True
Is 4556689 a prime number?
True
Is 1290257 a composite number?
False
Is 3942143 a prime number?
False
Is 373175765 composite?
True
Is 2893999 a composite number?
True
Is 10932607 prime?
False
Is 168501853 prime?
False
Is 8522113 a prime number?
True
Is 1015667 a prime number?
False
Is 907689 prime?
False
Is 15297407 a prime number?
True
Is 2433943 a prime number?
False
Is 6731294 prime?
False
Is 48733733 a composite number?
False
Is 1712707 a composite number?
False
Is 72767647 a prime number?
True
Is 3792311 a composite number?
True
Is 14252401 composite?
False
Is 27495969 prime?
False
Is 2467213 prime?
False
Is 203831513 composite?
True
Is 2214827 a prime number?
True
Is 2291561 a prime number?
False
Is 482821 prime?
False
Is 45324089 prime?
True
Is 414717943 a composite number?
True
Is 3061893 a composite number?
True
Is 53258343 a composite number?
True
Is 3222169 a composite number?
False
Is 563529 a composite number?
True
Is 23683663 prime?
False
Is 296179 a prime number?
False
Is 46295867 a composite number?
False
Is 1140979133 prime?
False
Is 257245451 a composite number?
False
Is 241946753 a composite number?
False
Is 142246649 a prime number?
True
Is 6728437 composite?
False
Is 62940679 a composite number?
True
Is 367778633 a prime number?
True
Is 62396041 a prime number?
True
Is 30404197 a prime number?
False
Is 1865909 prime?
False
Is 308969569 a prime number?
True
Is 237176279 a prime number?
True
Is 758979371 a composite number?
False
Is 6776709 composite?
True
Is 5490921 prime?
False
Is 2191619 composite?
False
Is 87496019 a composite number?
True
Is 92409251 prime?
False
Is 46647307 a composite number?
True
Is 13338383 composite?
True
Is 702721 composite?
False
Is 16855601 a prime number?
False
Is 330637017 a prime number?
False
Is 70619 prime?
True
Is 242789457 prime?
False
Is 60422519 a prime number?
False
Is 13719679 a prime number?
True
Is 13336067 prime?
False
Is 25824551 a prime number?
True
Is 19879627 composite?
False
Is 5622611 prime?
False
Is 93307 prime?
True
Is 45008323 a prime number?
False
Is 1894969 a composite number?
False
Is 54854273 a composite number?
True
Is 3741611 prime?
True
Is 19381619 composite?
True
Is 374144881 a composite number?
True
Is 33493253 a composite number?
False
Is 231314453 a prime n